 of 16?
True
Is 37 a factor of 142?
False
Is 1311 a multiple of 39?
False
Is 17 a factor of 22605?
False
Does 43 divide 1160?
False
Does 39 divide 36914?
False
Does 2 divide 712?
True
Is 676 a multiple of 13?
True
Is 1537 a multiple of 4?
False
Is 40104 a multiple of 69?
False
Is 50 a factor of 8087?
False
Is 1518 a multiple of 33?
True
Does 16 divide 432?
True
Is 2865 a multiple of 110?
False
Is 18 a factor of 414?
True
Is 19 a factor of 3021?
True
Is 296 a factor of 65646?
False
Is 32 a factor of 57376?
True
Is 51 a factor of 2919?
False
Is 24 a factor of 28487?
False
Is 16864 a multiple of 136?
True
Does 45 divide 823?
False
Is 14 a factor of 28098?
True
Is 36 a factor of 21492?
True
Does 10 divide 152?
False
Is 64449 a multiple of 63?
True
Does 9 divide 44853?
False
Does 83 divide 249?
True
Does 19 divide 57?
True
Is 680 a multiple of 17?
True
Is 48 a factor of 2560?
False
Is 6887 a multiple of 71?
True
Is 62 a factor of 3373?
False
Is 24 a factor of 19080?
True
Is 18 a factor of 403?
False
Is 10 a factor of 610?
True
Is 48 a factor of 13122?
False
Is 7848 a multiple of 18?
True
Does 5 divide 110?
True
Does 196 divide 4509?
False
Does 46 divide 2300?
True
Is 140 a factor of 10780?
True
Does 67 divide 10266?
False
Does 15 divide 81150?
True
Is 666 a multiple of 37?
True
Is 18 a factor of 594?
True
Is 248 a factor of 14541?
False
Does 18 divide 180?
True
Is 174 a factor of 9959?
False
Is 37 a factor of 2923?
True
Is 34 a factor of 3122?
False
Is 1437 a multiple of 16?
False
Is 17 a factor of 901?
True
Does 19 divide 13490?
True
Is 15 a factor of 17115?
True
Is 11 a factor of 853?
False
Is 35 a factor of 1225?
True
Is 1446 a multiple of 34?
False
Is 17472 a multiple of 78?
True
Is 912 a multiple of 4?
True
Does 12 divide 2140?
False
Does 281 divide 8363?
False
Is 2689 a multiple of 4?
False
Is 58 a factor of 102?
False
Does 202 divide 57761?
False
Does 115 divide 891?
False
Is 1383 a multiple of 59?
False
Is 12 a factor of 947?
False
Is 14746 a multiple of 202?
True
Is 2 a factor of 1548?
True
Does 30 divide 10164?
False
Is 9 a factor of 85?
False
Does 10 divide 650?
True
Is 13 a factor of 2041?
True
Is 12 a factor of 91?
False
Does 86 divide 3870?
True
Is 103 a factor of 21125?
False
Does 8 divide 1710?
False
Does 15 divide 4268?
False
Is 20 a factor of 5491?
False
Is 5528 a multiple of 12?
False
Is 99 a factor of 2796?
False
Is 2534 a multiple of 13?
False
Does 118 divide 5664?
True
Is 6 a factor of 948?
True
Is 15824 a multiple of 16?
True
Is 4358 a multiple of 13?
False
Is 638 a multiple of 29?
True
Is 21 a factor of 24948?
True
Does 12 divide 24612?
True
Does 21 divide 17930?
False
Is 209 a multiple of 177?
False
Is 166 a factor of 8503?
False
Is 46 a factor of 8223?
False
Is 5 a factor of 788?
False
Does 13 divide 7176?
True
Is 10 a factor of 5380?
True
Does 46 divide 184?
True
Does 10 divide 1331?
False
Does 55 divide 388?
False
Is 1826 a multiple of 22?
True
Does 142 divide 10356?
False
Is 3403 a multiple of 41?
True
Is 4 a factor of 470?
False
Is 561 a multiple of 11?
True
Is 14 a factor of 2072?
True
Is 445 a multiple of 34?
False
Is 373 a factor of 93250?
True
Is 6230 a multiple of 35?
True
Is 5984 a multiple of 34?
True
Is 3100 a multiple of 17?
False
Does 3 divide 281?
False
Is 29188 a multiple of 13?
False
Is 21 a factor of 588?
True
Does 61 divide 6027?
False
Does 22 divide 721?
False
Does 18 divide 1326?
False
Is 38 a multiple of 6?
False
Does 11 divide 730?
False
Does 4 divide 46?
False
Is 2205 a multiple of 4?
False
Does 48 divide 528?
True
Does 2 divide 305?
False
Is 66 a factor of 594?
True
Is 9 a factor of 337?
False
Is 31 a factor of 23062?
False
Is 45 a factor of 521?
False
Is 4141 a multiple of 56?
False
Is 11 a factor of 592?
False
Is 892 a multiple of 6?
False
Is 37 a factor of 2775?
True
Does 27 divide 783?
True
Does 89 divide 35469?
False
Is 9 a factor of 751?
False
Is 20 a factor of 623?
False
Does 10 divide 13600?
True
Is 29173 a multiple of 9?
False
Does 77 divide 14787?
False
Does 46 divide 874?
True
Is 8 a factor of 4816?
True
Is 9 a factor of 1908?
True
Is 30 a factor of 51187?
False
Does 107 divide 39697?
True
Does 166 divide 12458?
False
Does 138 divide 744?
False
Is 37 a factor of 1147?
True
Is 3416 a multiple of 14?
True
Does 158 divide 3552?
False
Does 10 divide 4681?
False
Is 3168 a multiple of 32?
True
Is 10 a factor of 257?
False
Is 20 a factor of 1673?
False
Is 4 a factor of 2284?
True
Is 1078 a multiple of 11?
True
Is 6 a factor of 6?
True
Does 17 divide 340?
True
Is 630 a multiple of 15?
True
Is 3612 a multiple of 28?
True
Does 135 divide 6210?
True
Does 167 divide 5403?
False
Does 20 divide 6100?
True
Does 32 divide 256?
True
Does 42 divide 1470?
True
Does 11 divide 34?
False
Is 10 a factor of 850?
True
Is 1365 a multiple of 35?
True
Does 86 divide 1755?
False
Is 46 a factor of 8020?
False
Is 14 a multiple of 5?
False
Does 9 divide 62188?
False
Is 657 a multiple of 9?
True
Is 22536 a multiple of 55?
False
Is 16 a factor of 160578?
False
Does 22 divide 748?
True
Is 304 a multiple of 76?
True
Is 56 a factor of 504?
True
Is 12 a factor of 9588?
True
Is 1993 a multiple of 55?
False
Does 15 divide 74?
False
Is 37 a factor of 2635?
False
Is 95 a factor of 1517?
False
Is 5831 a multiple of 9?
False
Is 56 a factor of 22408?
False
Is 2550 a multiple of 6?
True
Is 74 a multiple of 26?
False
Does 34 divide 646?
True
Does 73 divide 1095?
True
Does 69 divide 14421?
True
Does 11 divide 29095?
True
Is 716 a multiple of 48?
False
Is 21 a factor of 294?
True
Does 6 divide 996?
True
Does 40 divide 1160?
True
Is 657 a multiple of 73?
True
Does 9 divide 792?
True
Is 53 a factor of 106?
True
Is 4215 a multiple of 8?
False
Is 5715 a multiple of 15?
True
Is 322 a factor of 84987?
False
Is 31 a factor of 11997?
True
Is 65 a factor of 1924?
False
Is 341 a factor of 2728?
True
Is 71 a factor of 9406?
False
Is 459 a multiple of 51?
True
Is 7054 a multiple of 248?
False
Does 11 divide 390?
False
Is 300 a multiple of 30?
True
Is 76 a multiple of 3?
False
Is 38157 a multiple of 69?
True
Is 26138 a multiple of 17?
False
Is 9592 a multiple of 34?
False
Is 45 a factor of 360?
True
Is 54 a multiple of 2?
True
Is 124 a multiple of 62?
True
Does 9 divide 4156?
False
Is 1697 a multiple of 16?
False
Is 7684 a multiple of 34?
True
Does 98 divide 236?
False
Is 5172 a multiple of 40?
False
Is 48568 a multiple of 71?
False
Is 4200 a multiple of 24?
True
Is 4049 a multiple of 29?
False
Is 62 a factor of 11806?
False
Is 17151 a multiple of 141?
False
Is 731 a multiple of 17?
True
Is 4937 a multiple of 19?
False
Is 17894 a multiple of 23?
True
Is 104 a factor of 10504?
True
Is 52 a factor of 7852?
True
Does 20 divide 2592?
False
Does 3 divide 100?
False
Is 9 a factor of 792?
True
Is 57 a factor of 3258?
False
Is 141 a multiple of 6?
False
Is 1628 a multiple of 44?
True
Is 3885 a multiple of 21?
True
Does 218 divide 7630?
True
Is 1612 a multiple of 19?
False
Does 17 divide 11108?
False
Is 8855 a multiple of 23?
True
Does 375 divide 31431?
False
Does 60 divide 240?
True
Does 23 divide 7521?
True
Is 1269 a multiple of 26?
False
Is 8 a factor of 18799?
False
Is 2222 a multiple of 11?
True
Does 26 divide 96278?
True
Is 729 a multiple of 35?
False
Is 28 a factor of 3752?
True
Is 15 a factor of 39719?
False
Does 4 divide 13628?
True
Is 4712 a multiple of 8?
True
Is 202 a multiple of 2?
True
Is 21332 a multiple of 21?
False
Is 123 a factor of 2583?
True
Is 301 a multiple of 52?
False
Is 240 a multiple of 12?
True
Is 9639 a multiple of 119?
True
Does 40 divide 513?
False
Is 840 a multiple of 28?
True
Does 12 divide 2874?
False
Does 19 divide 49761?
True
Is 37 a factor of 728?
False
Does 47 divide 2256?
True
Is 5 a factor of 2908?
False
Is 1752 a multiple of 91?
False
Does 5 divide 1222?
False
Is 24 a factor of 177?
False
Is 23 even?
False
Is 49 a factor of 106330?
True
Does 222 divide 30705?
False
Is 22 a factor of 550?
True
Is 16954 a multiple of 14?
True
Is 10962 a multiple of 63?
True
Does 149 divide 31767?
False
Is 812 a multiple of 60?
False
Does 138 divide 15732?
True
Does 168 divide 5712?
True
Is 723 a multiple of 12?
False
Is 71 a factor of 11928?
True
Is 720 a multiple of 20?
True
Does 96 divide 2779?
False
Is 4230 a multiple of 18?
Tru